st the prime factors of 14846196.
2, 3, 199, 6217
List the prime factors of 529080.
2, 3, 5, 4409
List the prime factors of 48635.
5, 71, 137
What are the prime factors of 3652477?
3652477
List the prime factors of 547919.
179, 3061
What are the prime factors of 153608?
2, 7, 13, 211
List the prime factors of 318004.
2, 107, 743
List the prime factors of 10969472.
2, 43, 1993
What are the prime factors of 493758?
2, 3, 27431
What are the prime factors of 8808804?
2, 3, 81563
List the prime factors of 115085.
5, 23017
List the prime factors of 971033.
7, 19, 149
List the prime factors of 266835.
3, 5, 17789
What are the prime factors of 186896?
2, 11681
List the prime factors of 1172099.
17, 68947
What are the prime factors of 285241?
11, 25931
List the prime factors of 272971.
272971
What are the prime factors of 5780689?
5780689
What are the prime factors of 14159413?
14159413
What are the prime factors of 730822?
2, 365411
List the prime factors of 3193578.
2, 3, 177421
What are the prime factors of 170372?
2, 191, 223
List the prime factors of 411874.
2, 205937
What are the prime factors of 465624?
2, 3, 29, 223
What are the prime factors of 923184?
2, 3, 2137
What are the prime factors of 4704475?
5, 188179
List the prime factors of 406946.
2, 17, 11969
List the prime factors of 17087211.
3, 43, 67, 659
What are the prime factors of 605301?
3, 201767
What are the prime factors of 30972?
2, 3, 29, 89
List the prime factors of 98455.
5, 7, 29, 97
What are the prime factors of 8661453?
3, 2887151
List the prime factors of 751547.
131, 5737
List the prime factors of 80662.
2, 31, 1301
What are the prime factors of 1401462?
2, 3, 41, 211
What are the prime factors of 1300292?
2, 7, 46439
List the prime factors of 9818616.
2, 3, 37, 11057
What are the prime factors of 291632?
2, 11, 1657
List the prime factors of 3782856.
2, 3, 7, 11, 23, 89
List the prime factors of 4402677.
3, 17, 173, 499
List the prime factors of 5893955.
5, 41, 28751
What are the prime factors of 10393798?
2, 19, 273521
List the prime factors of 811810.
2, 5, 81181
What are the prime factors of 1296269?
13, 99713
List the prime factors of 32689160.
2, 5, 7, 116747
List the prime factors of 13390079.
19, 53, 13297
List the prime factors of 10300926.
2, 3, 19, 90359
List the prime factors of 267216.
2, 3, 19, 293
List the prime factors of 439522.
2, 219761
List the prime factors of 705046.
2, 352523
What are the prime factors of 17249162?
2, 7, 1232083
What are the prime factors of 5806942?
2, 797, 3643
What are the prime factors of 69829?
69829
What are the prime factors of 1704454?
2, 17, 50131
What are the prime factors of 1115819?
769, 1451
List the prime factors of 1516261.
1516261
List the prime factors of 503834.
2, 251917
What are the prime factors of 2615298?
2, 3, 7, 73, 853
List the prime factors of 18165645.
3, 5, 403681
List the prime factors of 27100535.
5, 7, 11, 43, 1637
What are the prime factors of 637846?
2, 11, 79, 367
What are the prime factors of 1371942?
2, 3, 11, 13, 41
List the prime factors of 1243470.
2, 3, 5, 181, 229
What are the prime factors of 7604534?
2, 7, 181, 3001
What are the prime factors of 2805066?
2, 3, 11, 31, 457
What are the prime factors of 243538?
2, 263, 463
What are the prime factors of 230811?
3, 7, 29, 379
What are the prime factors of 204035?
5, 13, 43, 73
List the prime factors of 606392.
2, 229, 331
What are the prime factors of 18776?
2, 2347
List the prime factors of 3972223.
3972223
List the prime factors of 9195425.
5, 37, 9941
List the prime factors of 20122978.
2, 10061489
List the prime factors of 339162.
2, 3, 56527
What are the prime factors of 2406100?
2, 5, 24061
What are the prime factors of 551735?
5, 17, 6491
What are the prime factors of 580796?
2, 23, 59, 107
What are the prime factors of 1593557?
7, 227651
What are the prime factors of 1893059?
7, 270437
What are the prime factors of 772104?
2, 3, 53, 607
List the prime factors of 198982.
2, 7, 61, 233
What are the prime factors of 420352?
2, 821
List the prime factors of 96466.
2, 139, 347
What are the prime factors of 46421?
61, 761
List the prime factors of 2424435.
3, 5, 13, 12433
What are the prime factors of 407813?
7, 17, 23, 149
List the prime factors of 7024528.
2, 7, 19, 3301
What are the prime factors of 454992?
2, 3, 9479
List the prime factors of 4277563.
23, 179, 1039
List the prime factors of 1255768.
2, 156971
What are the prime factors of 1360385?
5, 13, 20929
List the prime factors of 39365280.
2, 3, 5, 27337
What are the prime factors of 6684367?
97, 137, 503
What are the prime factors of 221769?
3, 41, 601
List the prime factors of 7162449.
3, 7, 19, 29, 619
List the prime factors of 226988.
2, 56747
List the prime factors of 3362156.
2, 7, 120077
List the prime factors of 729410.
2, 5, 11, 19, 349
What are the prime factors of 3500440?
2, 5, 87511
List the prime factors of 1403058.
2, 3, 379, 617
List the prime factors of 178079.
11, 16189
List the prime factors of 1500791.
19, 78989
List the prime factors of 2974301.
11, 47, 523
List the prime factors of 6260658.
2, 3, 17, 61379
List the prime factors of 665247.
3, 11, 19, 1061
What are the prime factors of 660822?
2, 3, 241, 457
List the prime factors of 310982.
2, 7, 97, 229
What are the prime factors of 16028831?
7, 13, 25163
What are the prime factors of 22769700?
2, 3, 5, 71, 1069
What are the prime factors of 1458030?
2, 3, 5, 7, 53, 131
List the prime factors of 17445011.
1069, 16319
What are the prime factors of 174716?
2, 31, 1409
What are the prime factors of 147745?
5, 13, 2273
List the prime factors of 988579.
988579
What are the prime factors of 36150?
2, 3, 5, 241
What are the prime factors of 6222225?
3, 5, 82963
List the prime factors of 137044.
2, 34261
List the prime factors of 8364415.
5, 271, 6173
What are the prime factors of 16798310?
2, 5, 1679831
What are the prime factors of 2458136?
2, 307267
List the prime factors of 5367441.
3, 23, 107, 727
What are the prime factors of 559259?
559259
List the prime factors of 1108785.
3, 5, 193, 383
What are the prime factors of 161409?
3, 173, 311
List the prime factors of 330109.
13, 67, 379
What are the prime factors of 6098589?
3, 7, 13829
What are the prime factors of 28601?
37, 773
List the prime factors of 851937.
3, 283979
List the prime factors of 1113791.
7, 159113
List the prime factors of 3718935.
3, 5, 11, 683
What are the prime factors of 37117?
37117
List the prime factors of 4698494.
2, 17, 138191
What are the prime factors of 4837442?
2, 2418721
List the prime factors of 4032039.
3, 11, 61, 2003
What are the prime factors of 3876882?
2, 3, 646147
List the prime factors of 77586.
2, 3, 67, 193
What are the prime factors of 3354175?
5, 11, 12197
What are the prime factors of 832763?
832763
List the prime factors of 1299985.
5, 31, 8387
What are the prime factors of 2260683?
3, 101, 829
What are the prime factors of 250886?
2, 17, 47, 157
What are the prime factors of 7147733?
23, 310771
List the prime factors of 1859293.
53, 35081
What are the prime factors of 2282193?
3, 61, 4157
List the prime factors of 1035208.
2, 129401
List the prime factors of 35413.
7, 5059
List the prime factors of 270104.
2, 19, 1777
List the prime factors of 222132.
2, 3, 107, 173
List the prime factors of 1223544.
2, 3, 7, 7283
What are the prime factors of 2101536?
2, 3, 7297
What are the prime factors of 25198525?
5, 11, 91631
List the prime factors of 19026.
2, 3, 7, 151
What are the prime factors of 9640284?
2, 3, 83, 9679
What are the prime factors of 4269044?
2, 13, 53, 1549
What are the prime factors of 18329211?
3, 2036579
List the prime factors of 1037856.
2, 3, 19, 569
What are the prime factors of 122044?
2, 13, 2347
List the prime factors of 771619.
771619
What are the prime factors of 531999?
3, 13, 4547
What are the prime factors of 125229?
3, 13, 19
What are the prime factors of 16135273?
7, 11, 209549
List the prime factors of 126715.
5, 25343
What are the prime factors of 2699027?
23, 239, 491
List the prime factors of 142022.
2, 71011
What are the prime factors of 67500?
2, 3, 5
List the prime factors of 951810.
2, 3, 5, 31727
What are the prime factors of 855079?
855079
What are the prime factors of 4282622